is -4 - -201225113?
201225106
In base 16, what is 1dd1 - -706e?
8e3f
In base 4, what is 121301121 + -33331?
121201130
In base 10, what is -23 - 44286?
-44309
In base 8, what is 507 - -177651?
200360
In base 6, what is 11142531 - 25?
11142502
In base 6, what is -531250324 + 4?
-531250320
In base 7, what is -250165024 - 0?
-250165024
In base 6, what is -140452302 + 51?
-140452211
In base 7, what is 16251154 - 16?
16251135
In base 13, what is cc - -33003?
33102
In base 8, what is 156 + 52316?
52474
In base 12, what is 46 - 3242b77?
-3242b31
In base 16, what is -1fbf + 17e?
-1e41
In base 4, what is -3221110320330 + -11?
-3221110321001
In base 4, what is 32 + 212221003223?
212221003321
In base 5, what is -33 - 4242144?
-4242232
In base 10, what is -65734 + 10?
-65724
In base 5, what is 14000 - -3433134?
4002134
In base 14, what is -4 - -91a21?
91a1b
In base 8, what is -10303 - 74651?
-105154
In base 9, what is 501 + 288757?
300358
In base 14, what is 13 - 17dd4?
-17dc1
In base 4, what is 300 - -3332101103?
3332102003
In base 16, what is -5 + 6b84fc?
6b84f7
In base 11, what is 0 - 2a41873a?
-2a41873a
In base 2, what is 0 + 110000101001110001101000?
110000101001110001101000
In base 15, what is -2c5be - -55?
-2c569
In base 3, what is 0 - -222202222102012?
222202222102012
In base 14, what is 4361 - -1413?
5774
In base 6, what is -2 + 101221425340?
101221425334
In base 2, what is 1110010100 - -111100110?
10101111010
In base 5, what is -434444100 - -3?
-434444042
In base 15, what is 8c3 + -254b?
-1b78
In base 8, what is -32223051 + 4?
-32223045
In base 4, what is -120033 - -110223302?
110103203
In base 2, what is -1101110111101100 + -1010110101101?
-1111001110011001
In base 11, what is -2 + 20294aa?
20294a8
In base 15, what is 1035a2 - 28?
103579
In base 13, what is 0 + 60b350c?
60b350c
In base 11, what is -5 + -763175a?
-7631764
In base 7, what is 16030 - -36604?
55634
In base 13, what is 22429b98 + -1?
22429b97
In base 6, what is -5 + -11535005333?
-11535005342
In base 3, what is 102121011 - -21110?
102212121
In base 7, what is -224215 - 12155?
-236403
In base 8, what is 2541274 + 0?
2541274
In base 8, what is -2 + 241076004?
241076002
In base 6, what is -25534 + 103112?
33134
In base 13, what is -4 + 1a6883?
1a687c
In base 9, what is -2034530436 + 4?
-2034530432
In base 2, what is -10 - 1111100001101101100000?
-1111100001101101100010
In base 7, what is -422451216 - -3?
-422451213
In base 12, what is -1a44b4 + -16?
-1a450a
In base 7, what is 5226 + 1666556?
2005115
In base 16, what is 8bcec - 34?
8bcb8
In base 15, what is 2 - 3015ac8?
-3015ac6
In base 11, what is -7481 - 249a?
-9970
In base 9, what is -35332 + -177?
-35520
In base 4, what is 20311110320020 + 10?
20311110320030
In base 2, what is -11011100 - -111010001111111?
111001110100011
In base 8, what is 3474 - 2756?
516
In base 6, what is -105102543 + -3?
-105102550
In base 11, what is 1 + 8a17463?
8a17464
In base 5, what is -120343014140 + -10?
-120343014200
In base 9, what is -753870 - 60?
-754040
In base 10, what is 40854008 - -3?
40854011
In base 16, what is -54234e + -64?
-5423b2
In base 12, what is 314 - 20ba4?
-20890
In base 2, what is 1001010101010 + 101011110?
1010000001000
In base 12, what is 2625b393 + 2?
2625b395
In base 8, what is -2 + -61313723?
-61313725
In base 3, what is -20202012 - 1022102?
-22001121
In base 11, what is -3 - 1a406805?
-1a406808
In base 12, what is 545b + -5100b?
-47770
In base 16, what is -2486c - 72?
-248de
In base 16, what is -30d - -13b099?
13ad8c
In base 9, what is -5101242 - -1?
-5101241
In base 2, what is -110101010101100 - -1110111?
-110101000110101
In base 13, what is -2662034 + 8?
-2662029
In base 2, what is -111001 + -1010100001001100101?
-1010100001010011110
In base 7, what is 5 + 2666612464?
2666612502
In base 9, what is -20344 - 87?
-20442
In base 15, what is 10b + -78d1?
-77c5
In base 2, what is 101110001111100001 - 111100?
101110001110100101
In base 15, what is cc917a + -9?
cc9171
In base 5, what is -312333 + -1113320?
-1431203
In base 14, what is 1857d1 + 29?
18581a
In base 14, what is 9810 + -d8c?
8862
In base 14, what is -bd - b6307?
-b63c6
In base 14, what is 1769 + -11?
1758
In base 4, what is 1023 - 3003021300?
-3003020211
In base 2, what is 11010010001111000011001101 + -101?
11010010001111000011001000
In base 11, what is 5588343 - 32?
5588311
In base 6, what is 344343052 - 144?
344342504
In base 8, what is -6 + -12162167?
-12162175
In base 14, what is 20 + -4cc798?
-4cc778
In base 4, what is 231220 + 11030?
302310
In base 7, what is -250301 - 1320?
-251621
In base 16, what is a - -741755?
74175f
In base 11, what is 1600 - -4316?
5916
In base 7, what is 16241145 - -1414?
16242562
In base 4, what is 310232 + -201301130?
-200330232
In base 8, what is -35745 - 1415?
-37362
In base 6, what is 12540 + -45031?
-32051
In base 5, what is 2222043 - 2001?
2220042
In base 14, what is 24534 - -1a?
24550
In base 15, what is -5 - -741cb?
741c6
In base 15, what is -18430 - -2850?
-15ad0
In base 12, what is 731 - -83681?
841b2
In base 9, what is 5 - -173885663?
173885668
In base 11, what is -1025 + 8701?
7687
In base 14, what is -331253 + -6?
-331259
In base 2, what is 11000111110110111 - 1000111000?
11000110101111111
In base 8, what is -5 + -541427540?
-541427545
In base 4, what is 2301320212210 + 0?
2301320212210
In base 4, what is 221 + -311131303?
-311131022
In base 3, what is 121 + -100002111012202?
-100002111012011
In base 8, what is 2 - -34707504?
34707506
In base 12, what is -a33481 + -353?
-a33814
In base 7, what is -2221230 - 5?
-2221235
In base 13, what is 101651 + -7b?
1015a3
In base 14, what is 292 - 2c04?
-2952
In base 16, what is 480f + 38c7?
80d6
In base 9, what is -1 + -6632316?
-6632317
In base 9, what is 1417 - 58307?
-56780
In base 5, what is -122 - 4200213403?
-4200214030
In base 5, what is -12303200 + -210344?
-13014044
In base 12, what is -2112 - 535?
-2647
In base 15, what is -79d655 - -1?
-79d654
In base 8, what is 3504 + 357?
4063
In base 10, what is 3890181 - 4?
3890177
In base 2, what is -100 - -100110111110000011101001?
100110111110000011100101
In base 9, what is 74 + -707035?
-706851
In base 3, what is -110212110220 - -1000020?
-110211110200
In base 3, what is 100 - -12012021200?
12012022000
In base 11, what is 155 + a23a2?
a2547
In base 6, what is -50213043 + 21?
-50213022
In base 2, what is -111 + -101000010000101?
-101000010001100
In base 7, what is 6302263 - -45?
6302341
In base 16, what is 1b8 + -166d8?
-16520
In base 4, what is -1 - 13123323310?
-13123323311
In base 12, what is -147 + 1514?
1389
In base 2, what is 10011011101001111101110100000 - -100?
10011011101001111101110100100
In base 15, what is -2 - 22e865?
-22e867
In base 5, what is 1 + -2244404103?
-2244404102
In base 9, what is 108 + 1163437?
1163546
In base 8, what is 7560 - -116547?
126327
In base 4, what is 1 + -20213331323?
-20213331322
In base 11, what is 6 - -1946730?
1946736
In base 4, what is 103111031 - 12123?
103032302
In base 4, what is -32023 - -103203323?
103111300
In base 2, what is 110001101111100 - -111011100?
110010101011000
In base 8, what is 1155526 - -261?
1156007
In base 6, what is 454 + 3325211?
3330105
In base 5, what is 3311310200 - -114?
3311310314
In base 3, what is -11 - -1100200011100110?
1100200011100022
In base 15, what is -37dae27 + -17?
-37dae3e
In base 16, what is 60144 + b6?
601fa
In base 9, what is -371 - -322641?
322260
In base 7, what is 22 - 56264350?
-56264325
In base 15, what is -1 - 1a6378?
-1a6379
In base 15, what is 3 + -131a46c?
-131a469
In base 2, what is -1100 + 10000000000010000000011?
10000000000001111110111
In base 9, what is 11281804 - 6?
11281787
In base 15, what is 1 + -12bd553?
-12bd552
In base 9, what is -123320 - 858?
-124278
In base 11, what is -401862 - 21?
-401883
In base 14, what is 941d4 + -85?
9414d
In base 13, what is 4 - 236a5b8?
-236a5b4
In base 11, what is -5 + 11553039?
11553034
In base 8, what is 13052034 + -74?
13051740
In base 2, what is 110101100101 - -11000?
110101111101
In base 6, what is -333203224 + 0?
-333203224
In base 6, what is 105 - -41054045?
41054154
In base 15, what is -2a3916 - 5c?
-2a3973
In base 2, what is 1011000110 + -110011011?
100101011
In base 6, what is -1453013 + 33?
